or of q and 1606?
22
Suppose -6750 = -237*r + 147*r. What is the highest common divisor of r and 570?
15
Let f be (3*58/(-18) - -8)/(1/(-3)). What is the greatest common divisor of 1740 and f?
5
Suppose 0 = 2*c - 23 + 37, c + 547 = 3*s. What is the greatest common factor of s and 3285?
45
Let c(m) = -164*m + 2217. Let f be c(13). What is the greatest common divisor of f and 2635?
85
Let t be 528/(((-3)/5)/(312/(-195))). Calculate the highest common factor of t and 220.
44
Let j = 310 + -21. Suppose 2*v + y = 736, -j = -2*v - 2*y + 443. Suppose -4*r + v = -5*l, 5*r = 2*l + 221 + 233. What is the highest common factor of 36 and r?
18
Suppose -2*x - 2*x = -2*u - 2, 2*x - 22 = -2*u. Suppose 49 = 2*o + u. Suppose 673*m - 666*m - 1617 = 0. Calculate the greatest common factor of o and m.
21
Let p be 131 + 1 + 3 + -4. Let q = -83 + p. Let k(z) = -z**3 + 16*z**2 - 3*z - 60. Let w be k(15). Calculate the greatest common divisor of w and q.
24
Let u = -1044 + 1349. What is the greatest common divisor of u and 61?
61
Suppose b - 3*k - 17 = 0, 10*k = -2*b + 13*k + 34. What is the highest common factor of 5032 and b?
17
Let h(m) = 2*m. Let x(g) = -g**2 + 7*g + 54. Let k(a) = -4*h(a) - x(a). Let z be k(19). What is the greatest common factor of z and 2?
2
Suppose 0 = -39*i - 436 + 8307 + 280. Calculate the greatest common divisor of 76 and i.
19
Let t be (3/2)/(9/300). Suppose 6*g = 4*g - 5*x - 15, -10 = -g + x. What is the greatest common divisor of t and g?
5
Suppose 0 = 3*q - 4*u - 105, 5*q + 19*u = 21*u + 175. What is the greatest common divisor of 28315 and q?
35
Suppose -207*h - 49*h = -512. What is the highest common factor of 1354 and h?
2
Let x = -339 - -333. Let o be 11/(-22) + (-327)/x. What is the highest common factor of o and 2?
2
Let g = -411 - -9036. What is the greatest common divisor of g and 207?
69
Let y be (-55)/(-15) - 264/(-9). What is the greatest common divisor of y and 17853?
33
Suppose 5*q = 27 - 7. Suppose 0 = -q*m + 2*y + 470, -300 - 200 = -4*m - 4*y. Calculate the highest common factor of 15 and m.
15
Let m(o) be the first derivative of 9*o**2/2 - 34*o - 2. Let t be m(4). Let d be (11/(-2) + t + -5)*-2. Calculate the highest common factor of d and 153.
17
Let z be 216 - -11 - -7 - -7. What is the highest common factor of 4 and z?
1
Suppose 0 = 51*g - 14044 + 2314. Calculate the highest common factor of g and 10.
10
Suppose -25 = -4*g - 1. Suppose -6*i + 12 + 0 = 0. Suppose 48 = 2*w - 4*z, 2*w + 8 - 74 = -i*z. What is the greatest common divisor of w and g?
6
Let f(k) = -821*k - 2836. Let r be f(-96). What is the highest common divisor of 29 and r?
29
Suppose 5*w - 60 = 5*b, 11*b = 5*w + 9*b - 57. Let t = 326 - 139. Calculate the greatest common factor of t and w.
11
Suppose 0*f + 75 = 2*z + 3*f, 2*f - 154 = -4*z. Suppose -31 = -2*b + z. Suppose 4*h = -20, -3 = -u + 2*h + 12. Calculate the highest common factor of b and u.
5
Suppose -2*d = -4*d + 264. Let u = 1763 + -1759. What is the highest common divisor of u and d?
4
Let c be ((-32)/(-10))/(26 + 6460/(-250)). Calculate the highest common divisor of c and 2430.
10
Let k be (-486)/10*(39 + -44). Suppose -2*p - t + k = 0, p - 3*p - 3*t = -249. What is the greatest common divisor of p and 216?
24
Let r be 2742/54 - (14/18 - 1). Let b = r - 66. Let o be 481/4 - b/(-60). Calculate the highest common divisor of o and 15.
15
Let g be 11 + 1085*629/85. What is the greatest common factor of g and 20?
20
Let y(t) = 8*t**2 - 55*t - 100. Let r be y(-2). Calculate the highest common divisor of r and 924.
42
Suppose 4*q - 6*q + 176 = 0. Let c = -53 + q. Suppose 5*y - 25 = -4*n + 25, -3*n + 27 = 3*y. What is the greatest common divisor of y and c?
7
Let w be (47 + -5*(-49)/(-35))*14. What is the greatest common divisor of 200 and w?
40
Let l = -568 - -736. What is the greatest common divisor of 231 and l?
21
Suppose -3*i + 12 = 0, -3*w - 3*i = -w + 298. Let a = 326 + w. Calculate the highest common divisor of a and 285.
57
Let x = 920 + -1651. Let y = -419 - x. What is the greatest common factor of y and 13?
13
Let g = -920 + 1025. What is the highest common factor of 609 and g?
21
Let o = 22 + -41. Let a(t) = 7*t + 6. Let i be a(o). Let y = 231 + i. Calculate the highest common factor of 26 and y.
26
Suppose 54 = 2*z - 18. Let f = -91401 - -91405. What is the greatest common divisor of f and z?
4
Suppose 1615 = 9*v + 1516. What is the greatest common factor of v and 1243?
11
Suppose n - 68 = 4*f + 32, 5*n + 2*f = 544. Calculate the greatest common factor of n and 882.
18
Let h = -2413 + 2565. What is the highest common divisor of h and 3800?
152
Let i = 4454 - 4410. Calculate the highest common divisor of i and 1078.
22
Suppose -67 = 6*y - 49. Let f be 4 + (1 + y - -111) - 3. Calculate the greatest common divisor of 11 and f.
11
Let x be 1/2 - (-6)/4. Suppose -3*j + 396 = -3*d, -2*j - x*d = 3*d - 264. Suppose 15*y - j = 12*y. Calculate the greatest common factor of 308 and y.
44
Suppose 0 = m + 4*a - 13, -1 = a - 3. Let s be ((-1)/(m/(-30)))/1. Suppose -5*z + 3*z - 10 = 0, -2*z = 4*k + s. What is the highest common factor of 3 and k?
1
Suppose -60 = 24*b - 26*b. Let u(t) = -180*t + 1150. Let m be u(5). What is the highest common divisor of m and b?
10
Let h be (-25 + 51228/108)/(7/6 + -1). What is the highest common factor of 24 and h?
8
Suppose 5305 = -56*i + 35*i + 16015. Calculate the greatest common factor of i and 420.
30
Let o = -1574 - -1605. Calculate the highest common divisor of 837 and o.
31
Suppose 8*y + 1 = 7*y + h, 2*y + 4*h = 4. Let l be -1 + (3 + 41 - 1). Suppose -m + l + 68 = y. What is the greatest common factor of 44 and m?
22
Let n(c) = 543*c - 859. Let q be n(9). Calculate the highest common factor of q and 76.
76
Let g(i) = 7*i**2 + 110*i + 584. Let s be g(-5). Calculate the highest common divisor of s and 1748.
19
Suppose 768*x - 96600 = 693*x. What is the highest common divisor of 184 and x?
184
Suppose -202565*l + 202567*l = 38. Let p be (-6)/9*3/(-2). Let z(q) = 171*q. Let i be z(p). What is the greatest common divisor of l and i?
19
Let b(x) = -x**2 - 9*x + 17. Let a be (75/10)/(-1)*(-12)/(-9). Let f be b(a). Let g = 203 + -140. What is the greatest common divisor of g and f?
7
Let m(k) = 42*k - 16*k + 3358 - 3127. Let f be m(-6). What is the highest common factor of f and 15?
15
Let w be (3 + 1)*(-21)/(-6). Suppose -41*c = -w*c - 7290. Calculate the highest common divisor of 30 and c.
30
Suppose 77*r - 16072 = -6755. Suppose -3*b + 80 = -8*b. Let p = b + 27. Calculate the greatest common factor of p and r.
11
Let d be 10872/3171*(1 + 6). Let h(t) = t**2 - 6*t + 21. Let y be h(9). What is the highest common divisor of d and y?
24
Let q be (4/(-8))/(1/(-10)). Let b be (-12 - -7)/(1 - 2). Suppose -10 = -b*h + 240. What is the highest common divisor of h and q?
5
Let q be ((-72)/90)/(1/(-5)). Suppose h = 3*n - 1 - 3, n + 4 = 3*h. Suppose 2*x = 5*z - 13, -1 = -h*z - 2*x - 7. What is the highest common factor of q and z?
1
Let g(s) = -5*s - 75. Let l be g(-16). Suppose -l*q + w - 6*w = -40, -2*q + w = -13. What is the highest common factor of 3 and q?
1
Let o be -15*7*(-1524)/630. What is the greatest common divisor of 16764 and o?
254
Let x be (-1 - -1) + -3*443/(-3). Suppose -x + 25 = -2*c. What is the highest common factor of 11 and c?
11
Suppose 12*q - 570 = 405 - 699. What is the highest common divisor of 5221 and q?
23
Let n(m) = 91*m**2 - 2*m - 1. Let r be n(-1). Let y = 131 - r. What is the greatest common factor of 3 and y?
3
Suppose 0 = -2*j - 166*g + 168*g + 1226, 4*g + 1844 = 3*j. Calculate the greatest common divisor of 352 and j.
32
Let s(c) = 3*c**3 - 12*c**2 - 2*c + 5. Let a be s(5). Suppose -490 = 9*l - 23*l. Calculate the highest common divisor of l and a.
35
Let j be (1485/11)/(-15) - 1*(0 + -16). Let v be ((-8)/(-12))/(2/726). Let k = v - 165. What is the highest common divisor of j and k?
7
Suppose 3*m + 1233 = 5*x, -3*x + 0*m + 747 = -3*m. Calculate the greatest common factor of x and 54.
27
Let w(y) = y**2 - 7*y + 5. Let t be w(8). Suppose t = k - 15. Suppose 8 = 3*m + m, 5*x - 25 = 5*m. What is the highest common divisor of x and k?
7
Suppose 36 = -s - 2*q, 4*s + 32 = 2*q - 82. Let k = s + 41. Suppose 5 = 2*u - k. What is the greatest comm